st common divisor of 29697 and 114.
57
What is the highest common divisor of 47 and 752?
47
What is the greatest common divisor of 58 and 1363?
29
Calculate the greatest common factor of 12 and 732.
12
Calculate the highest common divisor of 3 and 411.
3
What is the greatest common factor of 72 and 828?
36
What is the greatest common divisor of 459 and 136?
17
Calculate the highest common factor of 2280 and 150.
30
Calculate the greatest common factor of 40 and 1400.
40
What is the highest common divisor of 264 and 3949?
11
Calculate the greatest common factor of 4 and 3956.
4
What is the highest common divisor of 1 and 193?
1
What is the greatest common factor of 2 and 325?
1
What is the greatest common factor of 108 and 1136?
4
Calculate the highest common divisor of 22 and 4.
2
What is the highest common factor of 208 and 128?
16
Calculate the greatest common divisor of 88 and 66.
22
Calculate the greatest common factor of 3924 and 36.
36
What is the greatest common divisor of 258 and 86?
86
What is the highest common divisor of 2830 and 10?
10
What is the greatest common divisor of 172 and 430?
86
What is the greatest common divisor of 30 and 165?
15
Calculate the greatest common factor of 23 and 322.
23
What is the highest common factor of 275 and 396?
11
What is the highest common factor of 49 and 140?
7
Calculate the highest common factor of 85 and 55.
5
Calculate the highest common factor of 18064 and 32.
16
Calculate the greatest common divisor of 400 and 25.
25
What is the greatest common factor of 34 and 1088?
34
What is the highest common divisor of 2150 and 100?
50
What is the greatest common divisor of 99 and 27?
9
Calculate the highest common divisor of 15 and 58215.
15
What is the highest common factor of 897 and 23?
23
What is the highest common factor of 35 and 616?
7
Calculate the greatest common divisor of 8 and 216.
8
What is the highest common divisor of 1974 and 210?
42
Calculate the highest common factor of 80 and 4240.
80
Calculate the highest common factor of 292 and 1241.
73
What is the highest common factor of 21 and 567?
21
What is the greatest common divisor of 66 and 9042?
66
What is the greatest common factor of 78 and 1209?
39
What is the highest common divisor of 18 and 78?
6
Calculate the greatest common factor of 48 and 48.
48
What is the greatest common divisor of 12 and 87204?
12
What is the highest common factor of 50 and 70?
10
What is the highest common divisor of 25 and 225?
25
What is the highest common factor of 37 and 185?
37
What is the highest common divisor of 261 and 9?
9
Calculate the highest common factor of 646 and 68.
34
What is the greatest common divisor of 6972 and 249?
249
What is the highest common divisor of 414 and 18?
18
Calculate the greatest common divisor of 108 and 4.
4
What is the greatest common divisor of 188 and 10763?
47
Calculate the highest common divisor of 247 and 19.
19
What is the greatest common factor of 118 and 826?
118
Calculate the greatest common factor of 2886 and 78.
78
Calculate the highest common divisor of 159 and 3.
3
Calculate the greatest common factor of 89340 and 10.
10
What is the greatest common divisor of 145 and 1363?
29
What is the greatest common factor of 4 and 58?
2
What is the greatest common factor of 572 and 44902?
286
Calculate the greatest common factor of 15 and 105.
15
Calculate the highest common factor of 507 and 312.
39
Calculate the greatest common divisor of 30 and 16.
2
Calculate the highest common divisor of 6 and 192.
6
Calculate the highest common divisor of 1498 and 651.
7
What is the highest common factor of 24 and 150?
6
Calculate the greatest common factor of 40 and 60.
20
What is the greatest common divisor of 8 and 174?
2
What is the highest common factor of 234 and 1950?
78
What is the greatest common factor of 4838 and 164?
82
What is the greatest common divisor of 12 and 48?
12
What is the greatest common factor of 372 and 279?
93
Calculate the greatest common factor of 20 and 45.
5
Calculate the highest common factor of 890 and 10.
10
Calculate the greatest common divisor of 920 and 10.
10
What is the greatest common divisor of 1349 and 19?
19
Calculate the greatest common divisor of 954 and 486.
18
What is the greatest common divisor of 385 and 5215?
35
Calculate the highest common divisor of 9 and 117.
9
What is the greatest common divisor of 817 and 1577?
19
What is the highest common divisor of 6 and 42?
6
Calculate the greatest common divisor of 46 and 2162.
46
What is the greatest common factor of 481 and 65?
13
What is the highest common divisor of 475 and 125?
25
Calculate the greatest common divisor of 1349 and 71.
71
What is the highest common divisor of 504 and 3612?
84
What is the greatest common divisor of 16 and 944?
16
What is the greatest common factor of 1772 and 20?
4
What is the highest common divisor of 130 and 26?
26
What is the highest common factor of 760 and 40?
40
Calculate the greatest common factor of 56 and 2954.
14
What is the greatest common divisor of 5992 and 7?
7
What is the greatest common factor of 65 and 30?
5
Calculate the highest common divisor of 66 and 594.
66
What is the highest common divisor of 170 and 20?
10
Calculate the highest common factor of 48 and 3056.
16
What is the greatest common divisor of 481 and 26?
13
What is the highest common divisor of 1495 and 130?
65
Calculate the greatest common divisor of 609 and 357.
21
What is the highest common divisor of 319 and 8613?
319
What is the highest common divisor of 3072 and 240?
48
Calculate the greatest common divisor of 1045 and 385.
55
What is the highest common divisor of 58 and 29?
29
Calculate the greatest common factor of 66 and 528.
66
What is the greatest common divisor of 3824 and 128?
16
What is the highest common divisor of 230 and 40?
10
What is the greatest common factor of 12830 and 30?
10
What is the greatest common divisor of 26 and 39?
13
Calculate the greatest common factor of 525 and 3255.
105
Calculate the greatest common divisor of 9 and 252.
9
Calculate the greatest common divisor of 435 and 15.
15
Calculate the highest common factor of 852 and 12.
12
What is the highest common divisor of 105 and 420?
105
What is the highest common divisor of 3 and 6?
3
Calculate the greatest common factor of 2842 and 29.
29
Calculate the highest common factor of 88 and 1232.
88
Calculate the greatest common divisor of 414 and 27.
9
What is the greatest common divisor of 7106 and 5491?
323
What is the greatest common factor of 13 and 13?
13
What is the greatest common factor of 3706 and 654?
218
What is the greatest common factor of 125 and 5?
5
Calculate the highest common factor of 13365 and 110.
55
What is the highest common divisor of 50 and 90?
10
Calculate the greatest common factor of 596 and 3725.
149
What is the greatest common divisor of 356 and 267?
89
What is the highest common factor of 102 and 1802?
34
What is the highest common factor of 48 and 9276?
12
Calculate the greatest common divisor of 110 and 220.
110
What is the greatest common factor of 240 and 4272?
48
Calculate the greatest common divisor of 221 and 153.
17
Calculate the highest common divisor of 158 and 33338.
158
What is the greatest common factor of 585 and 18?
9
What is the greatest common factor of 294 and 784?
98
Calculate the greatest common factor of 280 and 240.
40
What is the greatest common factor of 8 and 4168?
8
Calculate the greatest common factor of 151 and 604.
151
Calculate the greatest common divisor of 12 and 204.
12
Calculate the highest common divisor of 3951 and 9.
9
Calculate the highest common divisor of 4160 and 884.
52
What is the greatest common factor of 162 and 6?
6
What is the greatest common divisor of 75 and 120?
15
What is the highest common divisor of 11 and 8987?
11
What is the greatest common factor of 2106 and 104?
26
Calculate the highest common divisor of 55 and 451.
11
Calculate the greatest common divisor of 540 and 80.
20
What is the greatest common divisor of 54 and 5157?
27
Calculate the greatest common factor of 200 and 225.
25
What is the greatest common divisor of 1470 and 84?
42
Calculate the highest common factor of 7412 and 272.
68
What is the highest common divisor of 481 and 52?
13
Wha